{"id":5054,"date":"2023-09-26T11:00:26","date_gmt":"2023-09-26T10:00:26","guid":{"rendered":"https:\/\/mbitdesign.com\/nekretnine\/?post_type=product&#038;p=5054"},"modified":"2023-09-26T11:00:27","modified_gmt":"2023-09-26T10:00:27","slug":"vozdovac-kod-crkve","status":"publish","type":"product","link":"https:\/\/mbitdesign.com\/nekretnine\/product\/vozdovac-kod-crkve\/","title":{"rendered":"Vo\u017edovac &#8211; Kod crkve"},"content":{"rendered":"<p>U mirnoj  ulici, \u010detvoroeta\u017eni stan sa sopstvenim ulazom, u stambenom objektu sa ukupno 3 stana sa kori\u0161\u0107enjem pripadaju\u0107eg dela dvori\u0161ta i gara\u017eom.<\/p>\n<p>I sprat: dnevno-trpezarijski deo od oko 60m2 sa kaminom i bibliotekom i izlazom na terasu okrenutu ka ulici, kuhinja,<br \/>\n             kupatilo sa le\u017ee\u0107om kadom, prostorija za ve\u0161eraj i dve ostave.<br \/>\nII spat: \u010detiri spava\u0107e sobe od kojih je jedna sa sopstvenim kupatilom i izlazom na veliku natkrivenu terasu, posebno<br \/>\n             kupatilo sa Jakuzi kadom, saunom i tu\u0161 kabinom.<\/p>\n<p>Dvori\u0161te lepo, poplo\u010dano sa verandom i prostorom za garden parti. Gara\u017ea se nalazi na ulazu u objekat, a ostava u prizemlju sa mokrim \u010dvorom. U dvori\u0161tu postoje prostorije za odlaganje alata, boksovi za pse.<\/p>\n<p>Stan se prodaje  sa svim ugradnim plakarima i kompletnom kuhinjom, dvostrano orijentisan, veoma svetao sa lepim pogledom ka istoku. Grejanje eta\u017eno u kombinaciji kotla na struju i kamina. Ceo prostor je ura\u0111en sa izuzetno kvalitetnim materijalima, sa sopstvenim natkrivenim ulazom.<\/p>\n<p>Izdignutost terena, pozicija stana na dve gornje eta\u017ee objekta, pru\u017ea poseban kvalitet, jer je pogled nezaklonjen.<br \/>\nCentralno stepeni\u0161te i hodnik u potkrovlju iz koje se ulazi u sve sobe, sa svojom arhitekturom pru\u017ea poseban komfor i udobnost kori\u0161\u0107enja svih prostorija.<\/p>\n<p>Agencijska provizija 2%.<\/p>\n<p>Za vi\u0161e informacija agent: Aleksandra  064 22 33 032<\/p>\n","protected":false},"excerpt":{"rendered":"<p>Vo\u017edovac &#8211; Vo\u017edova\u010dka crkva<\/p>\n<p>6.0, 207m2 (tri terase 18m2), I+PTK, EG, telefon, gara\u017ea, dve ostave<\/p>\n","protected":false},"featured_media":5055,"comment_status":"open","ping_status":"closed","template":"","meta":{"site-sidebar-layout":"default","site-content-layout":"default","ast-site-content-layout":"","site-content-style":"default","site-sidebar-style":"default","ast-global-header-display":"","ast-banner-title-visibility":"","ast-main-header-display":"","ast-hfb-above-header-display":"","ast-hfb-below-header-display":"","ast-hfb-mobile-header-display":"","site-post-title":"","ast-breadcrumbs-content":"","ast-featured-img":"","footer-sml-layout":"","theme-transparent-header-meta":"default","adv-header-id-meta":"","stick-header-meta":"default","header-above-stick-meta":"","header-main-stick-meta":"","header-below-stick-meta":"","astra-migrate-meta-layouts":"","ast-page-background-enabled":"default","ast-page-background-meta":{"desktop":{"background-color":"var(--ast-global-color-4)","background-image":"","background-repeat":"repeat","background-position":"center center","background-size":"auto","background-attachment":"scroll","background-type":"","background-media":"","overlay-type":"","overlay-color":"","overlay-gradient":""},"tablet":{"background-color":"","background-image":"","background-repeat":"repeat","background-position":"center center","background-size":"auto","background-attachment":"scroll","background-type":"","background-media":"","overlay-type":"","overlay-color":"","overlay-gradient":""},"mobile":{"background-color":"","background-image":"","background-repeat":"repeat","background-position":"center center","background-size":"auto","background-attachment":"scroll","background-type":"","background-media":"","overlay-type":"","overlay-color":"","overlay-gradient":""}},"ast-content-background-meta":{"desktop":{"background-color":"var(--ast-global-color-5)","background-image":"","background-repeat":"repeat","background-position":"center center","background-size":"auto","background-attachment":"scroll","background-type":"","background-media":"","overlay-type":"","overlay-color":"","overlay-gradient":""},"tablet":{"background-color":"var(--ast-global-color-5)","background-image":"","background-repeat":"repeat","background-position":"center center","background-size":"auto","background-attachment":"scroll","background-type":"","background-media":"","overlay-type":"","overlay-color":"","overlay-gradient":""},"mobile":{"background-color":"var(--ast-global-color-5)","background-image":"","background-repeat":"repeat","background-position":"center center","background-size":"auto","background-attachment":"scroll","background-type":"","background-media":"","overlay-type":"","overlay-color":"","overlay-gradient":""}}},"product_brand":[],"product_cat":[41,42],"product_tag":[],"class_list":{"0":"post-5054","1":"product","2":"type-product","3":"status-publish","4":"has-post-thumbnail","6":"product_cat-prodaja","7":"product_cat-stanovi","8":"pa_broj-soba-prodaja-58","9":"pa_grad-prodaja-beograd","10":"pa_kvadratura-prodaja-200-300m2","11":"pa_lokacija-prodaja-vozdovacka-crkva","12":"pa_opstina-prodaja-vozdovac","13":"pa_sprat-prodaja-25","14":"pa_spratnost-94","15":"pa_tip-nekretnine-prodaja-stan","16":"pa_uknjizenost-da","17":"desktop-align-left","18":"tablet-align-left","19":"mobile-align-left","21":"first","22":"instock","23":"shipping-taxable","24":"purchasable","25":"product-type-simple"},"_links":{"self":[{"href":"https:\/\/mbitdesign.com\/nekretnine\/wp-json\/wp\/v2\/product\/5054","targetHints":{"allow":["GET"]}}],"collection":[{"href":"https:\/\/mbitdesign.com\/nekretnine\/wp-json\/wp\/v2\/product"}],"about":[{"href":"https:\/\/mbitdesign.com\/nekretnine\/wp-json\/wp\/v2\/types\/product"}],"replies":[{"embeddable":true,"href":"https:\/\/mbitdesign.com\/nekretnine\/wp-json\/wp\/v2\/comments?post=5054"}],"wp:featuredmedia":[{"embeddable":true,"href":"https:\/\/mbitdesign.com\/nekretnine\/wp-json\/wp\/v2\/media\/5055"}],"wp:attachment":[{"href":"https:\/\/mbitdesign.com\/nekretnine\/wp-json\/wp\/v2\/media?parent=5054"}],"wp:term":[{"taxonomy":"product_brand","embeddable":true,"href":"https:\/\/mbitdesign.com\/nekretnine\/wp-json\/wp\/v2\/product_brand?post=5054"},{"taxonomy":"product_cat","embeddable":true,"href":"https:\/\/mbitdesign.com\/nekretnine\/wp-json\/wp\/v2\/product_cat?post=5054"},{"taxonomy":"product_tag","embeddable":true,"href":"https:\/\/mbitdesign.com\/nekretnine\/wp-json\/wp\/v2\/product_tag?post=5054"}],"curies":[{"name":"wp","href":"https:\/\/api.w.org\/{rel}","templated":true}]}}