{"id":3034,"date":"2023-02-28T11:08:32","date_gmt":"2023-02-28T10:08:32","guid":{"rendered":"https:\/\/mbitdesign.com\/nekretnine\/?post_type=product&#038;p=3034"},"modified":"2023-09-27T14:51:45","modified_gmt":"2023-09-27T13:51:45","slug":"rezidencijalna-vila","status":"publish","type":"product","link":"https:\/\/mbitdesign.com\/nekretnine\/product\/rezidencijalna-vila\/","title":{"rendered":"Rezidencijalna vila"},"content":{"rendered":"<p>Rezidencijalna vila ima prizemlje i sprat, veliki dnevni boravak, trpezariju, kuhinju, \u0161est spava\u0107ih soba, dva velika luksuzno opremljena kupatila, dve velike terase \u2013 jednu pokrivenu terasu koja je istovremeno i zimska ba\u0161ta, i drugu, na spratu, panoramsku terasu od 42 kvadrata. Rezidencijalna vila je moderno koncipiran i luksuzno opremljen prostor \u2013 sa velikim kaminom, duplom jakuzzi kadom, podnim oblogama od hrastovog parketa, odli\u010dne granitne keramike i mozaika. Sve prostorije su dvostrano orijentisane, sa puno svetlosti, vazduha i prostorom koji di\u0161e i stapa se sa okolnim pejza\u017eem i zelenilom koje okru\u017euje vilu. Stolarija je od petokomornih PVC profila. U sve sendvi\u010d zidove, podove i krov ugra\u0111eni su tradicionalni izolacioni materijali koji ne samo \u0161to \u0161tite od hladno\u0107e i vru\u0107ina, ve\u0107 predstavljaju i odli\u010dnu za\u0161titu od razli\u010ditih zra\u010denja i radijacija. Kompletan prostor se greje sistemom eta\u017enog grejanja na gas. Vila ima Internet, kablovsku TV, WiFi i fiksni telefon.<\/p>\n<p>Druga ku\u0107a je u istom dvori\u0161tu i predstavlja posebnu celinu. Raspola\u017ee prostorom od 50 kvadrata i ima prizemlje i galeriju sa unutra\u0161njim drvenim stepeni\u0161tem. Unutra\u0161njost je monumentalna, visine od \u010dak 4,80 metara do sljemena, sa puno svetlosti i prostora. Trenutno se prevashodno koristi kao radni prostor sa radnim stolovima i bibliotekom, ali ima i deo namenjen za spavanje i odmor, kao i malu kompletno opremljenu \u010dajnu kuhinju i kupatilo sa tu\u0161-kadom. Ku\u0107a se greje na gasnu pe\u0107, a ispred je terasa od 40 kvadrata u ravni zemlje, poplo\u010dana keramikom i oivi\u010dena ru\u017eama,<br \/>\ngro\u017e\u0111em, za\u010dinskim i lekovitim biljem. <\/p>\n<p>U ure\u0111enom vrtu sa prostranim travnjakom,sa velikom poplo\u010danom rundelom, sa vi\u0161e od 40 raznih vrsta cve\u0107a, biljaka, tuja i ru\u017ea, postoje i dva prirodna izvora iz kojih stalno te\u010de voda. Ispred vrta i glavnog ulaza-kapije nalazi se veliki parking za 6 do 8 putni\u010dkih automobila. Ulaz u vrt je pokriven i ostavlja mogu\u0107nost za parkiranje jednog automobila u okviru dvori\u0161ta.<\/p>\n<p>Rezidencijalna vila je odli\u010dno povezana i vrlo blizu svih glavnih puteva za Novi Sad\/i ili Beograd, kao i izuzetno dobro locirana u odnosu na sve centralne i va\u017ene gradske institucije. Od glavnog puta za Novi Sad\/Beograd udaljena je 150 metara, isto toliko i od \u017delezni\u010dke stanice i Autobuske stanice u Sremskim Karlovcima. Do centra Novog Sada kolima se sti\u017ee za 12 do 15 minuta vo\u017enje, do Beograda za sat vremena. Za Novi Sad postoje i redovne autobuske gradske linije, kao i linijski taksi prevoz.<\/p>\n<p>Udaljenost od Doma zdravlja je 80 metara, od Po\u0161te i centralnog gradskog Trga \u2013 150 metara, od zgrade Op\u0161tine i op\u0161tinske uprave 300 metara. Osnovna \u0161kola se nalazi na 300 metara udaljenosti, kao i gradska pijaca, Karlova\u010dka gimnazija, nekoliko prodavnica i malih supermarketa. Dunav je tako\u0111e vrlo blizu \u2013 na udaljenosti od oko 300 metara, sa nekoliko restorana, hotelom, pla\u017eama, fudbalskim igrali\u0161tem i de\u010dijim igrali\u0161tem i velikim mogu\u0107nostima za rekreaciju, zabavu i slobodno vreme.<\/p>\n<p>Agencijska provizija 2%.<\/p>\n<p>Za vi\u0161e informacija agent: Zoi 060 33 37 558<\/p>\n","protected":false},"excerpt":{"rendered":"<p>Rezidencijalna vila<\/p>\n<p>dve ku\u0107e, 315m2 (terasa+lo\u0111a+dvori\u0161te), PR+1, gas, telefon, KATV, internet, klima, kamin, video nadzor, \u0161upa, gara\u017ea<\/p>\n","protected":false},"featured_media":3037,"comment_status":"open","ping_status":"closed","template":"","meta":{"site-sidebar-layout":"default","site-content-layout":"default","ast-site-content-layout":"","site-content-style":"default","site-sidebar-style":"default","ast-global-header-display":"","ast-banner-title-visibility":"","ast-main-header-display":"","ast-hfb-above-header-display":"","ast-hfb-below-header-display":"","ast-hfb-mobile-header-display":"","site-post-title":"","ast-breadcrumbs-content":"","ast-featured-img":"","footer-sml-layout":"","theme-transparent-header-meta":"default","adv-header-id-meta":"","stick-header-meta":"default","header-above-stick-meta":"","header-main-stick-meta":"","header-below-stick-meta":"","astra-migrate-meta-layouts":"","ast-page-background-enabled":"default","ast-page-background-meta":{"desktop":{"background-color":"var(--ast-global-color-4)","background-image":"","background-repeat":"repeat","background-position":"center center","background-size":"auto","background-attachment":"scroll","background-type":"","background-media":"","overlay-type":"","overlay-color":"","overlay-gradient":""},"tablet":{"background-color":"","background-image":"","background-repeat":"repeat","background-position":"center center","background-size":"auto","background-attachment":"scroll","background-type":"","background-media":"","overlay-type":"","overlay-color":"","overlay-gradient":""},"mobile":{"background-color":"","background-image":"","background-repeat":"repeat","background-position":"center center","background-size":"auto","background-attachment":"scroll","background-type":"","background-media":"","overlay-type":"","overlay-color":"","overlay-gradient":""}},"ast-content-background-meta":{"desktop":{"background-color":"var(--ast-global-color-5)","background-image":"","background-repeat":"repeat","background-position":"center center","background-size":"auto","background-attachment":"scroll","background-type":"","background-media":"","overlay-type":"","overlay-color":"","overlay-gradient":""},"tablet":{"background-color":"var(--ast-global-color-5)","background-image":"","background-repeat":"repeat","background-position":"center center","background-size":"auto","background-attachment":"scroll","background-type":"","background-media":"","overlay-type":"","overlay-color":"","overlay-gradient":""},"mobile":{"background-color":"var(--ast-global-color-5)","background-image":"","background-repeat":"repeat","background-position":"center center","background-size":"auto","background-attachment":"scroll","background-type":"","background-media":"","overlay-type":"","overlay-color":"","overlay-gradient":""}}},"product_brand":[],"product_cat":[44,41],"product_tag":[],"class_list":{"0":"post-3034","1":"product","2":"type-product","3":"status-publish","4":"has-post-thumbnail","6":"product_cat-kuce-prodaja","7":"product_cat-prodaja","8":"pa_broj-soba-prodaja-58","9":"pa_grad-prodaja-sremski-karlovci","10":"pa_kvadratura-prodaja-300-400m2","11":"pa_opstina-prodaja-sremski-karlovci","12":"pa_sprat-prodaja-pr","13":"pa_tip-nekretnine-prodaja-kuca","14":"pa_uknjizenost-da","15":"desktop-align-left","16":"tablet-align-left","17":"mobile-align-left","19":"first","20":"instock","21":"sale","22":"shipping-taxable","23":"purchasable","24":"product-type-simple"},"_links":{"self":[{"href":"https:\/\/mbitdesign.com\/nekretnine\/wp-json\/wp\/v2\/product\/3034","targetHints":{"allow":["GET"]}}],"collection":[{"href":"https:\/\/mbitdesign.com\/nekretnine\/wp-json\/wp\/v2\/product"}],"about":[{"href":"https:\/\/mbitdesign.com\/nekretnine\/wp-json\/wp\/v2\/types\/product"}],"replies":[{"embeddable":true,"href":"https:\/\/mbitdesign.com\/nekretnine\/wp-json\/wp\/v2\/comments?post=3034"}],"wp:featuredmedia":[{"embeddable":true,"href":"https:\/\/mbitdesign.com\/nekretnine\/wp-json\/wp\/v2\/media\/3037"}],"wp:attachment":[{"href":"https:\/\/mbitdesign.com\/nekretnine\/wp-json\/wp\/v2\/media?parent=3034"}],"wp:term":[{"taxonomy":"product_brand","embeddable":true,"href":"https:\/\/mbitdesign.com\/nekretnine\/wp-json\/wp\/v2\/product_brand?post=3034"},{"taxonomy":"product_cat","embeddable":true,"href":"https:\/\/mbitdesign.com\/nekretnine\/wp-json\/wp\/v2\/product_cat?post=3034"},{"taxonomy":"product_tag","embeddable":true,"href":"https:\/\/mbitdesign.com\/nekretnine\/wp-json\/wp\/v2\/product_tag?post=3034"}],"curies":[{"name":"wp","href":"https:\/\/api.w.org\/{rel}","templated":true}]}}